inder when y(w) is divided by 12.
9
Let m(i) = -i**2 + 15*i - 12. Calculate the remainder when 47 is divided by m(12).
23
Let k = -4 - -11. Calculate the remainder when 25 is divided by k.
4
Let k = -7 + 14. Let i be (-10)/(-3)*(-72)/(-30). Let j = i + -5. Calculate the remainder when k is divided by j.
1
Suppose 4*u + 361 = 9. Let r = -1 - u. Calculate the remainder when r is divided by 22.
21
Let w be 18 + (-2 - (1 - 1)). Suppose 4*x + 2*x = 60. Calculate the remainder when (3 - 2) + (w - -1) is divided by x.
8
Suppose j = p - 0*j - 19, -j = p - 15. Let a be (-1)/(-2) - (-11)/(-2). What is the remainder when p is divided by (-28)/a + (-4)/(-10)?
5
Let r(b) = -2*b - 2. Let g be r(-3). Suppose 4*y + 5*j - 2 = 0, -y = -3*y + 2*j + 10. Suppose -g = -p - y. What is the remainder when p is divided by 1?
0
Suppose -3*f + 24 = -0*f. Let p = 24 + -9. Calculate the remainder when p is divided by f.
7
Suppose 0*d + 4*d = 28. Calculate the remainder when 20 is divided by d.
6
Let p(q) = q**3 - 7*q**2 - 10*q - 5. Let u be p(8). Let d = u - -55. What is the remainder when d/9 + 8/36 is divided by 3?
1
Suppose -4*g = -51 - 9. Calculate the remainder when 26 is divided by g.
11
Let f = -2 - -9. Let o(h) = -f + 2 + 0*h + h. Calculate the remainder when o(12) is divided by 3.
1
Suppose 2*r - 6*c = -c + 78, -2*r + c = -62. Suppose -4*k = 5*z - 36, 5*k = -5*z + 21 + r. Let n = k - 2. What is the remainder when 35 is divided by n?
11
Suppose -2*x - 14 = -2*k, 0 = -2*k - 2*x + 20 + 14. Let p(h) = h**2 - 11*h - 1. Calculate the remainder when p(k) is divided by 1 + (0 - -7 - 2).
5
Let w(b) = -b**3 - 6*b**2 - 2*b + 2. Suppose j - 1 = 0, 5*m + 7 = j - 4*j. Let s = 7 + m. What is the remainder when w(-6) is divided by s?
4
Let r = 38 + -54. Let k = -133 + 152. Calculate the remainder when (-54)/(-4)*r/(-6) is divided by k.
17
Let t(d) = 4*d**3 - 3*d**2 + 4*d - 2. Let f be t(2). Let w(x) = x**2 + 6*x + 2. What is the remainder when 4/(-20) + f/5 is divided by w(-6)?
1
Let p(d) = -d**3 - 7*d**2 + 3*d - 14. Suppose 2*r - 290 + 88 = 0. What is the remainder when r is divided by p(-8)?
23
Let d(q) = -7*q**3 - 2*q**2 - 2*q - 1. Let k be d(-1). Suppose 2*l + k = 42. What is the remainder when 53 is divided by l?
17
What is the remainder when 57 is divided by (1 - (-36)/(-20))/((-1)/20)?
9
Let x(z) = z**2 - 2*z + 1. Let p be x(2). Let i be (1 - -2) + p/(-1). Let n = i - 1. What is the remainder when 1 is divided by n?
0
Suppose -2*m = -36 - 14. Let c(q) = -q**3 - 13*q**2 - 2*q - 13. Calculate the remainder when m is divided by c(-13).
12
Let f(w) = w**3 + 28*w**2 + 25*w - 7. Calculate the remainder when 140 is divided by f(-27).
46
Let l = 300 + -271. Suppose -18 = h - 0*h. Let b = h - -28. Calculate the remainder when l is divided by b.
9
Let w = 34 + -2. Suppose -3*h + 0*h = 3*k - 66, h + 2*k = 27. What is the remainder when w is divided by h?
15
Let t(b) = 20*b**2 + 2*b + 2. Calculate the remainder when 36 is divided by t(-1).
16
Suppose 9 = 2*v - 37. What is the remainder when 1*(2 - 1)*68 is divided by v?
22
Suppose 4*g + 3*u = 74, 2*u - 50 = -2*g + 7*u. What is the remainder when g is divided by 4?
0
Suppose 2*l - 6*l + 24 = 0. Calculate the remainder when 16 is divided by l.
4
Calculate the remainder when 3/(0 + 6/44) is divided by 6.
4
Let f(m) = -m**3 + 3*m**2 + m + 2. Suppose 3*x - 4 = 2. Calculate the remainder when f(x) is divided by 5.
3
Let c(k) = -k**3 - 8*k**2 + 7*k + 3. Let b be (-3)/(-1 - (-12)/9). Calculate the remainder when 82 is divided by c(b).
19
Let z(l) = 18*l - 1. Let k(w) = w. Let g(o) = 3*k(o) + z(o). What is the remainder when g(2) is divided by 21?
20
Let w(l) = 2*l + 4. Calculate the remainder when 5 is divided by w(0).
1
Suppose 4*l + 84 = h, -4*h = -2*l - 237 - 71. Calculate the remainder when h is divided by 13.
11
Let r(w) = w**2 + 14*w + 21. Calculate the remainder when 35 is divided by r(-14).
14
Suppose -6*r + r = -5*p - 295, 237 = 4*r - 3*p. Let l = r - 35. Calculate the remainder when l is divided by 9.
7
Let y be -1 + (-4)/(-2) + 9. Suppose -y = -5*h + 35. What is the remainder when 17 is divided by h?
8
Let d(t) = t**3 + 5*t**2 + 3*t - 1. Let o = -3 + -1. Let p = 11 + -4. What is the remainder when p is divided by d(o)?
1
Let s be (-27)/(-6) - 1/(-2). Suppose 29 = s*l - 36. Calculate the remainder when 37 is divided by l.
11
Let w = -4 - -24. What is the remainder when w*(30/(-4))/(-5) is divided by 16?
14
Suppose 0 = -4*x + 2 + 62. Suppose v + x = 2*v. What is the remainder when 45 is divided by v?
13
Suppose 2*n = -0*n + 5*k + 20, n - k - 13 = 0. Suppose 2*m = -5*u - 2, -5*m + u - 2*u = -18. Calculate the remainder when n is divided by m.
3
Let g(v) = 3*v**2 - 1. Let q be g(2). Suppose -l - 2 = -q. Calculate the remainder when 16 is divided by l.
7
Let h = -34 - -58. Let o = h + -13. Let x(n) = 22*n - 1. What is the remainder when x(1) is divided by o?
10
Let t = 12 - 39. Let g = t + 43. Calculate the remainder when 46 is divided by g.
14
Let l(z) = 11*z + 2. Let q be l(1). Suppose 8*o - q*o = -95. What is the remainder when 37 is divided by o?
18
Suppose 2*z - 2*t = 5 - 9, z + 4*t = 23. Calculate the remainder when -2*5*2/(-4) is divided by z.
2
Suppose -5*o + 10 = 0, 2*g + o = -0*o - 6. What is the remainder when 40 + -2*(-6)/g is divided by 19?
18
Suppose 11*d - 16*d + 70 = 0. What is the remainder when d is divided by 4?
2
Let c = 3 - 3. Suppose 0 = 4*x - c*x - 12. Let b = x - -5. Calculate the remainder when 15 is divided by b.
7
Suppose -d = 3*m - 28, 4*m + 3*d = 7*d + 64. What is the remainder when m is divided by 7?
4
Suppose -4*h - h - 5*g = -325, -5*h = 2*g - 331. Calculate the remainder when h is divided by 14.
11
Suppose d = 6*d - 30. Suppose -2*f + 5*v = -49, -2*f + 3*v - 137 = -d*f. What is the remainder when f is divided by 11?
10
Let g(c) = 4*c**2 - 3*c + 6. Let f be g(4). Let y = f + -30. What is the remainder when y is divided by (-10)/((2 - 6) + 3)?
8
Let p(d) = 2*d**2 - 5*d - 3. Let w = 29 - 25. What is the remainder when 33 is divided by p(w)?
6
Let b(n) = -2*n - 9. What is the remainder when 76 is divided by b(-11)?
11
Suppose 4*n = 4*h - 0*h + 132, 4*h - 42 = -2*n. What is the remainder when n is divided by ((-4)/(-3))/2*15?
9
Let s(o) = o**2 - 2*o - 9. Suppose -3*i + 2*b = -53, -3*i + 4*b + 43 = -0*b. What is the remainder when s(-4) is divided by (i/28)/((-2)/(-24))?
6
Let w = -1 + 2. Let o = 9 - 6. Calculate the remainder when w/o*0 + 13 is divided by 7.
6
Let k = 1 + -1. What is the remainder when 38 is divided by 0 - -12 - (k - 1)?
12
Let s = 73 - 56. What is the remainder when s is divided by 4?
1
Let q(g) = -g**3 - 7*g**2 - 4*g + 5. Let f be q(-6). Let l = f - -11. Calculate the remainder when (-4)/(-2*2/10) is divided by l.
2
Let k = -14 + 22. What is the remainder when 4/k + (-39)/(-2) is divided by 7?
6
Let t be (-20)/6*(1 - -2). What is the remainder when 9 is divided by (t/(-2 - 0))/1?
4
Let l(n) = -8*n + 54. Calculate the remainder when 106 is divided by l(5).
8
Suppose -2*w + 4*v + 4 = 0, 2*w + 0*w + v - 9 = 0. Suppose w*y = 134 - 34. Let x = y + -10. Calculate the remainder when x is divided by 6.
3
Suppose -5*g - 40 = -0*g. Let f = 17 + g. Calculate the remainder when 16 is divided by f.
7
Let f = -7 + 32. Suppose -4*j + f = j. What is the remainder when 9 is divided by j?
4
Suppose 6*c + 96 = 3*b + 2*c, -b + 32 = 3*c. Calculate the remainder when b is divided by 11.
10
Suppose 9*n - f = 4*n + 65, -3*n + 39 = -f. Calculate the remainder when 51 is divided by n.
12
Suppose -2*a = -6 - 52. What is the remainder when 55 is divided by a?
26
Suppose -4*t = 5*y - 47, 0*t + 5*y + 97 = 4*t. Let a = t - 13. What is the remainder when a is divided by 4?
1
Suppose -43 = 2*f + 3*j - 149, 4*j = 8. What is the remainder when 149 is divided by f?
49
Let x = -21 - -44. Let z = -19 + x. Let m(j) = 15*j**2 + j - 1. What is the remainder when m(1) is divided by z?
3
Suppose 14 - 1 = 4*x + 5*q, -q + 7 = 3*x. Let h(n) = n**2 - n - 5*n + 0*n + 2*n. What is the remainder when h(5) is divided by x?
1
Suppose -3*z + 3*m = -139 - 452, 5*m - 5 = 0. Suppose 3*c = c + z. Calculate the remainder when c is divided by 25.
24
Let n = 34 + -22. Suppose -4*g + 68 + 116 = 0. Calculate the remainder when g is divided by n.
